
Let x be 40/18 - 2/9. Suppose 3*g + x*g - 30 = 0. What are the prime factors of 32/6 + (-2)/g?
5
Suppose 11*j - 225 = 842. What are the prime factors of j?
97
Suppose 2*h + 5 - 15 = 0. Let k(z) = -4 + h + z + 4*z. List the prime factors of k(2).
11
Let m = 2 + -6. Let f be m/((-12)/21) + -1. Suppose 3*g + f*v - 2*v - 28 = 0, -5*g + 68 = -4*v. List the prime factors of g.
2, 3
Suppose 0 = 2*j + 10, 6*c - 15 = 3*c + 3*j. Let i = 2 + c. Let w(b) = 6*b - 3. What are the prime factors of w(i)?
3
Let c(w) = -w**3 + 19*w**2 + 24*w - 17. What are the prime factors of c(20)?
3, 7
Let a = 4 - 4. Suppose -4*i + 3*p + 113 = a, -2*p - 3*p = -3*i + 93. List the prime factors of i.
2, 13
Suppose 4 = z + 2*q + q, -5*q + 16 = 3*z. Let d = -8 + z. Let u(v) = 11*v**2 + 2*v + 1. What are the prime factors of u(d)?
2, 5
List the prime factors of 2 - (4/(-4) + -52).
5, 11
List the prime factors of 6/(-15) - 772/(-5).
2, 7, 11
Suppose 2*t + 0 = 6. Let q(y) = -2*y + 12*y**2 - 10*y**2 + t*y + 0*y. List the prime factors of q(-2).
2, 3
Suppose 0 = i - 6*i - 4*q + 89, 3*i - 51 = -3*q. What are the prime factors of i?
3, 7
Suppose 5*a = 5*u, 2*u + a - 2*a - 2 = 0. Suppose 4*q + 5*x - 5 = 0, 0 = x + 6 - 3. Suppose q*m = u*m + 36. What are the prime factors of m?
2, 3
Let s = 24 - 40. Let w = s - -9. Let d = w + 22. What are the prime factors of d?
3, 5
Suppose 3*n + 5*f - 2 = -0*f, 4*n + 3*f = -12. Let v = -4 - n. Suppose -11 = -2*m + 5*j, 2 = 4*j - v*j. List the prime factors of m.
2
Let d be (-729)/(-21) + (-2)/(-7). Suppose d = 2*n + 2*n + 5*c, -5*c - 5 = 0. What are the prime factors of n?
2, 5
Suppose 3*c + 0*c - 210 = 0. Suppose 0 = -4*l + l + 12. Suppose -t - 77 = -u - 4*u, l*u - 5*t = c. What are the prime factors of u?
3, 5
Let c = 80 - 45. What are the prime factors of (42/c)/(2/10)?
2, 3
Let r(a) be the first derivative of -a**3/3 + 2*a**2 + 5*a + 2. Let d be r(4). Suppose -d = 2*f - 29. List the prime factors of f.
2, 3
Let q(t) = 147*t**3 + 2*t**2 + 3*t - 4. List the prime factors of q(1).
2, 37
Let c(f) = -4*f + 2. Let g be c(2). Let a be (-5)/(-1) - (-14 - -14). Let v = a - g. List the prime factors of v.
11
Suppose -2*t + 112 = -212. Suppose -f + 233 = 4*y, -f + t = 3*y + 4*f. What are the prime factors of y?
59
Let f be 3*-22 - (2 - 2). List the prime factors of ((-1)/2)/(3/f).
11
Let c = 522 - 210. List the prime factors of c.
2, 3, 13
Let l be 2/(2/1) - 8. Let p(f) = -f**3 - 5*f**2 + 9*f - 9. List the prime factors of p(l).
2, 13
Let u(k) = 5*k**2 - k. Let q be u(-1). What are the prime factors of ((-2)/q)/((-4)/72)?
2, 3
Let n = -26 - -47. Let o = n - 8. What are the prime factors of o?
13
Suppose -5 = 5*k, -8*h + 3*h = k - 19. Suppose 0 = -4*g - 4*a + 96, 3*g - h*a + 0*a - 44 = 0. List the prime factors of g.
2, 5
Let s(w) = -w. Let f(h) = -h**2 + 4*h - 8. Let i(z) = f(z) - 4*s(z). Let y be i(7). List the prime factors of (-3 + 3)/y - -20.
2, 5
List the prime factors of (4 + (1 - 1))*21/2.
2, 3, 7
Suppose 0 = -2*j, 0*x + x + 5*j = -6. Let f be (-2 - 0) + (1 - x). Suppose m - 33 = 2*l - f*l, -m = -4*l + 37. List the prime factors of l.
2, 5
Let d = -16 - -36. Suppose -k = 2*z - d, -3*z + 8 = -4. What are the prime factors of k?
2, 3
Let i be (6/(-9))/((-1)/(-6)). What are the prime factors of (-122)/(-14) + i/(-14)?
3
Suppose -2*y = -7*y - 4*u - 17, 5*y + u = -8. Let z(c) = -3 - 4 + 8 + c**2. List the prime factors of z(y).
2
Let i(f) = 38*f - 4. What are the prime factors of i(2)?
2, 3
Let l(z) = z**2 - 2*z. Let g be l(3). Suppose -4*y = 3*m - 2, 4*m - g*y = 8 + 3. Suppose x + m*x = 27. What are the prime factors of x?
3
Suppose 0 = 3*j - 2*n - 23 - 25, 0 = 2*n + 6. List the prime factors of j.
2, 7
Suppose 0 = 5*s + 2*a - 84, -3*s + 50 = 4*a - 3*a. Suppose 0 = 4*z - s - 96. What are the prime factors of z?
2, 7
List the prime factors of (280/(-6))/((-42)/63).
2, 5, 7
Suppose 0 = -3*i + 4*n - n + 24, -4*i + 8 = 2*n. Let v(m) = m**2 + 10. Let r be v(0). Suppose i - r = -j. List the prime factors of j.
2, 3
Suppose -4*x - r - 147 + 578 = 0, -4*x = -3*r - 419. List the prime factors of x.
107
List the prime factors of 8475/33 + (-8)/(-44).
257
Let h = -30 - -42. List the prime factors of (-1*3)/(h/(-32)).
2
Suppose -2*q = 2*q. Suppose q = -b + 5 + 11. What are the prime factors of b?
2
Let u = 16 - 10. Suppose -26 = 2*v - u*v + 2*k, 4*v - 5*k = 11. List the prime factors of v.
3
Let d(u) be the third derivative of u**5/60 - u**3 + 5*u**2. List the prime factors of d(-7).
43
Suppose 0 = 5*l - 2*t - 10, -3*l - 4*t = -2*t - 6. Suppose -w - 10 = l*h - 6*h, w - 8 = -2*h. What are the prime factors of w?
2
Suppose 3*h - 33 = -4*r + 4*h, -4*r = 3*h - 13. What are the prime factors of r?
7
Let l = 69 - 36. What are the prime factors of l?
3, 11
Suppose 3*q + 6 = -3*g, q - 3*g - 14 = -0*q. Suppose 0 = 6*a - a - 20. Suppose -q*x + 12 = -a. List the prime factors of x.
2
Let y(k) = -k**3 - 9*k**2 - 2*k + 6. Let c = -29 - -20. List the prime factors of y(c).
2, 3
Let k = 7 - 1. Suppose -2*d - a = -27 - 42, 0 = 2*a - k. What are the prime factors of d?
3, 11
Let a = -5 - -4. Let z be (a/2)/(2/(-4)). List the prime factors of (z - -35)*3/6.
2, 3
Let r(o) = 4*o**2 - 24*o + 19. List the prime factors of r(9).
127
Suppose 0 = c + 2*c - 27. List the prime factors of (-135)/(-20)*24/c.
2, 3
Let i be (60/(-8))/((-6)/40). Let p = i - 25. List the prime factors of p.
5
Let x(o) = o - 4. Let m be x(-7). Let l = 21 - m. List the prime factors of l.
2
Suppose 16 = 3*q + 7. What are the prime factors of q?
3
Suppose 2 = -2*i - 2. Let k = 25 + i. What are the prime factors of k?
23
Suppose 2*d - 4 = 8. What are the prime factors of d?
2, 3
Let x(i) = i**2 - 11*i + 11. List the prime factors of x(14).
53
Let n = 16 + -16. Suppose -82 = -2*z - n*z. What are the prime factors of z?
41
Let j(x) = 26*x**2 - 2*x - 1. What are the prime factors of j(-1)?
3
Suppose 17*q - 22*q = -600. List the prime factors of q.
2, 3, 5
Let h = 10 + -10. Suppose h = 5*j + v - 37, 4 = 3*j - 4*v - 9. List the prime factors of j.
7
Let o be -2 - (-1 - -2) - -8. Let f = -1 + 4. Suppose 5*q + 29 = 3*w + 3, f*q = -o*w + 32. What are the prime factors of w?
7
Suppose 15 = 3*p + 2*p. Suppose z + k = -p, -z - z - 3 = k. Suppose z*h = -2*h + 16. What are the prime factors of h?
2
Let b(h) = 4*h - 4. Suppose 0 = 7*f - 2*f + 10. Let r(k) = 3*k - 4. Let m(t) = f*b(t) + 3*r(t). What are the prime factors of m(7)?
3
Suppose d + 10 = -4*a - 5, 10 = 2*d. What are the prime factors of 90/3*a/(-5)?
2, 3, 5
Let v(r) = 14*r. Let g be v(4). Let x = -31 + g. Let m = -14 + x. What are the prime factors of m?
11
Let g(n) = n**3 + 3*n**2 - 6*n - 5. Let l be g(-4). Suppose 4*h - 11 = -l. Suppose 0 = 4*q - h*q - 16. What are the prime factors of q?
2
Let z be (-1 - 11)*22/4. List the prime factors of (10/(-20))/(1/z).
3, 11
Suppose -15*x + 20*x = 25. List the prime factors of x.
5
Let o = 9 + -9. Suppose o*y - 2*y = 10, -5*y = 3*g - 53. List the prime factors of g.
2, 13
Suppose 2*i + 3*z + z + 10 = 0, 8 = -4*i - 2*z. Let o be 4 - 0/(i*3). Suppose -2*a + 3*f + 12 = -9, -o*f = -5*a + 56. What are the prime factors of a?
2, 3
List the prime factors of 1183/15 + 6/45.
79
Let z = -100 + 156. List the prime factors of z.
2, 7
Suppose 6*p - 42 = 3*p. Suppose 3*q - 2*w - 24 = 43, q = -w + p. List the prime factors of q.
19
Let n = -52 + 96. Suppose -4*l + 104 = -n. List the prime factors of l.
37
Let h(m) be the first derivative of m**2/2 - 1. Let y be h(2). Suppose -s = y*s + 3*z - 6, -2*z = 4*s - 14. What are the prime factors of s?
5
Let n(v) = v**2 + 9. Let d = -5 + 5. List the prime factors of n(d).
3
Suppose 58 = -2*k + x, 4*k - 5*x + 113 = -9. Let q = -16 - k. List the prime factors of q.
2, 3
Suppose 6*j + 11 = -25. What are the prime factors of (34/j)/((-4)/12)?
17
Let m be 10/(-5) - (11 - 1). Let p = 48 + m. What are the prime factors of p?
2, 3
Suppose 4*s - 619 = l, -47 = 2*s + 5*l - 362. List the prime factors of s.
5, 31
Suppose 4*q - 80 = 6*r - 2*r, -q - 5*r = -2. Let l = q - 5. What are the prime factors of l?
2, 3
What are the prime factors of (25/(-2))/(24/(-16) - -1)?
5
Let c be 60/9*3/2. Let i = c + -5. Suppose i*q + 3*p - 102 = -4, 5*p + 64 = 2*q. List the prime factors of q.
2, 11
Suppose -67 = -3*q - 13. List 